= -y*u - 15, 4*a - 4*u - 92 = -a. What is the remainder when 30 is divided by a?
14
What is the remainder when (31 + -14)*2/2 is divided by 9?
8
Suppose 2*g = -0*g + 10. Suppose 0 = v + 9*v - 80. What is the remainder when v is divided by g?
3
Let s = 7 - -12. Calculate the remainder when 73 is divided by s.
16
Let o(q) = q**3 - q**2 + q. Let i be o(0). Suppose i = 3*m - 2*m - 63. Let u = -44 + m. What is the remainder when 36 is divided by u?
17
Let f(y) = -y**3 - 5*y**2 - 2*y - 4. Calculate the remainder when 15 is divided by f(-5).
3
Suppose -3*b + 4*c = 1, -4*b + c + 32 = 4*c. Suppose -24 = -b*m + m. Suppose -5*r = 2*y - 11 - 29, 16 = 2*y - r. Calculate the remainder when y is divided by m.
4
Let t(c) = 2*c**3 - 12*c**2 + 2*c. Let a(o) = o**2 + o - 1. Let q(n) = 5*a(n) + t(n). Calculate the remainder when q(4) is divided by 10.
9
Let m(j) = -j**3 - j**2 - 5*j - 2. Let w = -5 - -2. Let u = -3 - -14. Calculate the remainder when m(w) is divided by u.
9
Let x be -10 - (-2)/(-2) - -1. Let o be 24/5 + (-2)/x. Suppose 4*g = 3*q - 101, -o*g + 25 = q - 2*g. Calculate the remainder when q is divided by 16.
15
Let d = 83 + -59. Suppose -2*b - 3*s + s + 34 = 0, 0 = 4*s - 8. Let k = d - b. Calculate the remainder when 25 is divided by k.
7
Let d = -2 - -19. Calculate the remainder when 48 is divided by d.
14
Suppose 5*i + 53 - 138 = 0. Calculate the remainder when 66 is divided by i.
15
Let b = -8 + 12. Let x(m) = -5*m + 2. Calculate the remainder when x(-1) is divided by b.
3
Suppose s = 2*g - 3*s - 16, -2*g = 4*s - 24. What is the remainder when 26 is divided by g?
6
Let l(u) be the first derivative of -u**4/4 - 4*u**3/3 + 5*u**2/2 - 7*u + 3. What is the remainder when l(-6) is divided by 12?
11
Let y(o) = 4*o**2 + 4*o + 8. What is the remainder when y(-4) is divided by 19?
18
Let o = -47 + 60. Calculate the remainder when (-1)/(-2)*148/2 is divided by o.
11
Let k(f) = f**3 - 3*f**2 + f + 4. Calculate the remainder when k(4) is divided by 15.
9
What is the remainder when 70 is divided by (-111)/(-6) - (-3)/(-12)*-2?
13
Let p(f) = -f**3 - 9*f**2 + 10*f + 10. Let q be 1/3 + (-186)/18. What is the remainder when 38 is divided by p(q)?
8
Let f(u) = -u + 29. What is the remainder when 40 is divided by f(7)?
18
Let g = 38 - 22. Let f = 25 - g. Calculate the remainder when 16 is divided by f.
7
Let z be -2 + 3 + (2 - 2). Calculate the remainder when 23 is divided by 16*z*(-3)/(-6).
7
Calculate the remainder when (128/40)/((-2)/(-50)) is divided by 28.
24
Let f = 127 - 101. Calculate the remainder when 126 is divided by f.
22
Suppose 2*a - 5*a + 33 = 0. Calculate the remainder when 13 - a - (0 - 0) is divided by 2.
0
Let u = -25 - -70. Calculate the remainder when 56 is divided by (-2)/(-3)*u/2.
11
Let x = -54 + 63. What is the remainder when 23 is divided by x?
5
Let o = -26 + 95. Calculate the remainder when o is divided by 24.
21
Let q(m) = -m**2 - 8*m + 4. Let h = -21 - -34. Calculate the remainder when h is divided by q(-8).
1
Let c(g) = g**2 - 5*g - 4. What is the remainder when c(-3) is divided by 3?
2
Suppose 0*d + 5*d = -20, 0 = 5*r - 4*d - 116. What is the remainder when 77 is divided by r?
17
Let i be -3 + ((-9)/(-3))/(-3). Let x = i + 6. What is the remainder when x is divided by 1?
0
What is the remainder when (-1328)/(-44) + (-8)/44 is divided by 8?
6
Suppose 0 = n + 5*f + 16, 4*f = -2*n - 0*f - 14. Calculate the remainder when 51 is divided by n*(-10 + -3)*1.
12
Let n = 75 + 1. Calculate the remainder when n is divided by 26.
24
Suppose -6*u = -3*u. Suppose -2*c + u*c + 34 = 0. Calculate the remainder when 65 is divided by c.
14
Suppose -5*h - 3*n + 40 = 0, 10 = 3*h + 2*n - 14. Suppose -h*c + 39 = -3*c + b, -5*b + 20 = 0. What is the remainder when 20 is divided by c?
6
Suppose 0*d + 5*d - 30 = 0. Calculate the remainder when 32 is divided by 30/20*68/d.
15
Suppose q = -4*q + 75. Suppose f + 33 = -35. Let s = f + 112. Calculate the remainder when s is divided by q.
14
What is the remainder when 23 is divided by (21/35)/(1/15)?
5
Let n(w) = w**2 + w - 8. Calculate the remainder when n(8) is divided by 17.
13
Let b = 31 + -21. What is the remainder when 17 is divided by b?
7
Let t(o) = 2*o**2 - o - 1. Calculate the remainder when t(3) is divided by 6.
2
Let x(j) = -j**3 + 16*j**2 + 4. Let y = -3 + 14. What is the remainder when y is divided by x(16)?
3
Let w be 6/15 - 93/(-5). Suppose 3*t + 5*m = 16, 3*t - 3*m = 29 + w. Let b = t - 6. Calculate the remainder when 11 is divided by b.
5
Suppose 5*f + 114 = 2*k, 0 = 4*k - 0*k + 3*f - 280. Calculate the remainder when k is divided by 14.
11
Suppose -20 = -20*t + 18*t. Calculate the remainder when 36 is divided by t.
6
Let t = 7 + -10. Calculate the remainder when 32 is divided by (-6 - t)*(-33)/9.
10
Let b(a) = a**2 - 2*a + 1. Calculate the remainder when 35 is divided by b(-2).
8
Suppose 6*u = 2*u - 72. Let i = u - -40. Calculate the remainder when i is divided by 12.
10
Suppose -3*t + 7 + 2 = 0. What is the remainder when t is divided by 3?
0
Let h = 21 + -16. What is the remainder when 13 is divided by h?
3
Let g be -1 - -5 - 21/7. Let i be g/2*(-1 + 9). Suppose -5*y - t + 23 = 0, 5*y + 6*t - i*t - 21 = 0. Calculate the remainder when 13 is divided by y.
3
Suppose -5*d + 59 - 7 = -w, 4*d + w - 47 = 0. Calculate the remainder when 52 is divided by d.
8
Let d(p) = -83*p - 1. What is the remainder when d(-2) is divided by 24?
21
Let u(b) = -b**2 + 16. Let p(y) = -y**3 + 6*y**2 + y. Calculate the remainder when p(3) is divided by u(0).
14
Calculate the remainder when 26 is divided by 8 - 1 - (0 + 1).
2
Let b = -14 + 8. Suppose -4*u - 3*q + 24 = 0, 2*u + 0*u + 3*q = 12. What is the remainder when 1*3/(b/(-22)) is divided by u?
5
Suppose -95 + 464 = 3*l. What is the remainder when l is divided by 25?
23
Suppose -q = q - 6. Calculate the remainder when 19 is divided by q.
1
Suppose -k - 36 + 5 = 0. Let b = k + 36. Suppose -2*t + 5*c - 16 = 0, 4*t + c - 11 = 1. Calculate the remainder when b is divided by t.
1
Suppose r + 18 = -2*m, -3*r = 2 + 10. Calculate the remainder when 67 is divided by (m/((-7)/(-46)))/(-2).
21
Suppose -z + 222 = 2*z. Suppose -2*w + z - 28 = 0. Calculate the remainder when 43 is divided by w.
20
Suppose -6*i + 2*i + 76 = 0. What is the remainder when 55 is divided by i?
17
Suppose -4*s + 4*v + 88 = -2*s, 111 = 4*s + 5*v. Suppose -3*m + 16 = -4*y, -4*m + 18 + 20 = -2*y. Calculate the remainder when s is divided by m.
10
Let r(b) = b**3 + 9*b**2 + 3*b - 7. What is the remainder when r(-8) is divided by 6?
3
Let p(r) = -r**3 + 5*r + 2. Calculate the remainder when (41*1)/(-4 - -5) is divided by p(-3).
13
Suppose 3*t - 19 = 2. Suppose 5*i + 5*j + 9 = j, i - 3*j - 2 = 0. What is the remainder when t is divided by 0 + i + 6 + -1?
3
Suppose -9*v + 10*v = 37. Calculate the remainder when v is divided by 20.
17
Let u = -39 - -44. What is the remainder when u is divided by 2?
1
Suppose 0 = u + 3*u - 20. Suppose 2*v - 10 = 4*o - 80, 0 = -u*v + 5. Calculate the remainder when 53 is divided by o.
17
Suppose -4*c + 196 = -2*a, -3*a + 9 = c - 47. What is the remainder when c is divided by 17?
16
Let t = 154 + -80. Calculate the remainder when t is divided by 25.
24
Let d = 22 + -6. Suppose 3*w + w = d. Suppose -53 = -w*f + 67. Calculate the remainder when f is divided by 8.
6
Let z = 46 + -33. Let u(n) = -n**3 - n**2 + n + 36. Calculate the remainder when u(0) is divided by z.
10
Suppose 0 = -6*m + 6 + 36. Calculate the remainder when m is divided by 4.
3
Suppose 5*d - 424 = 2*t, -88 = -d - 4*t + 10. Suppose 30 = z - 2*f, 3*f + 96 = 4*z + f. What is the remainder when d is divided by z?
20
Let p(b) = -b**3 + 9*b**2 + 2*b + 8. Suppose 3*k + k = 56. Calculate the remainder when p(9) is divided by k.
12
Suppose 0 = -2*h + 56 + 18. What is the remainder when h is divided by 10?
7
Suppose 4 = 9*o - 8*o. What is the remainder when 7 is divided by o?
3
Suppose 0 = 3*n - 3*t - 212 + 14, 4*t = 4. What is the remainder when n is divided by 35?
32
Suppose -y + 4 = -0*y, -5*a + 423 = 2*y. What is the remainder when a is divided by 21?
20
Suppose -2*q - 75 = -3*q. What is the remainder when q is divided by 38?
37
Let a = -9 - -5. Let n = 0 - a. Suppose -n*b + 18 = -b. Calculate the remainder when 16 is